47 a prime number?
True
Is 10379543 composite?
False
Is 47891803 prime?
True
Is 1543063 a prime number?
True
Is 17829221 composite?
False
Is 159477143 a prime number?
False
Is 24860383 prime?
True
Is 1044509 a prime number?
True
Is 7745051 a prime number?
True
Is 41015957 prime?
True
Is 3446491 prime?
True
Is 711287 a prime number?
True
Is 39243727 a composite number?
True
Is 455871093 a composite number?
True
Is 65934443 composite?
True
Is 222214427 composite?
False
Is 1761743 prime?
False
Is 1111841 prime?
True
Is 7824619 a composite number?
True
Is 22162841 prime?
True
Is 94044497 composite?
False
Is 3108081 a composite number?
True
Is 34379183 a composite number?
False
Is 980600633 a composite number?
False
Is 2674013 a prime number?
True
Is 16210321 composite?
False
Is 238987 prime?
False
Is 243891551 a prime number?
True
Is 1244683 a composite number?
True
Is 5728517 composite?
False
Is 8762294 a composite number?
True
Is 45215438 a prime number?
False
Is 30662707 a composite number?
False
Is 208451 composite?
True
Is 1215217 a composite number?
True
Is 169548661 a composite number?
False
Is 2514929 a composite number?
True
Is 2798177 a composite number?
False
Is 3759607 composite?
True
Is 15248903 composite?
False
Is 212219951 a composite number?
False
Is 17072285 composite?
True
Is 36450314 composite?
True
Is 6427331 a prime number?
True
Is 17713769 a composite number?
False
Is 28335943 a composite number?
False
Is 4782431 a composite number?
False
Is 741446 prime?
False
Is 709571 prime?
False
Is 27330071 prime?
True
Is 283331 a prime number?
False
Is 2300513 a prime number?
True
Is 8019169 a prime number?
True
Is 634693 composite?
True
Is 179857 prime?
False
Is 380549837 composite?
True
Is 224980241 a prime number?
True
Is 89432333 a composite number?
True
Is 813862519 a composite number?
False
Is 434647 prime?
True
Is 25057631 prime?
True
Is 5232223 a composite number?
False
Is 13012603 composite?
True
Is 7161559 a composite number?
False
Is 7473871 prime?
True
Is 903727023 a prime number?
False
Is 20187191 prime?
True
Is 10769243 prime?
True
Is 962833747 a prime number?
True
Is 2240851 composite?
False
Is 59038747 a prime number?
True
Is 46708099 composite?
True
Is 10482169 prime?
False
Is 165763127 a prime number?
True
Is 2867185 a composite number?
True
Is 2325187 a composite number?
True
Is 1386529805 a prime number?
False
Is 62661409 composite?
False
Is 380035421 a prime number?
True
Is 880174 a composite number?
True
Is 936956585 a composite number?
True
Is 23616491 a composite number?
False
Is 84691 a composite number?
False
Is 3225701 prime?
False
Is 1842849173 a prime number?
False
Is 19407937 composite?
False
Is 67843199 composite?
False
Is 16115999 a prime number?
True
Is 1578911 prime?
True
Is 153267943 a prime number?
False
Is 17420893 prime?
False
Is 79363357 composite?
False
Is 573247 prime?
True
Is 222931337 composite?
False
Is 11335151 a prime number?
True
Is 358327 a composite number?
False
Is 11575397 composite?
False
Is 2794879 prime?
True
Is 66352399 prime?
False
Is 2911243 a composite number?
False
Is 4950533 a prime number?
False
Is 42060697 prime?
False
Is 14410079 a prime number?
False
Is 3638783 composite?
True
Is 273825941 a composite number?
False
Is 222967 a composite number?
False
Is 267526069 a composite number?
False
Is 1921567 composite?
True
Is 313577167 a prime number?
True
Is 8950811 a composite number?
True
Is 4974451 prime?
False
Is 499166 prime?
False
Is 34796327 prime?
True
Is 33919393 a composite number?
False
Is 15593803 a prime number?
True
Is 930871 a prime number?
False
Is 133606261 composite?
False
Is 254086991 prime?
True
Is 154162727 prime?
False
Is 2553627 a prime number?
False
Is 976877 a composite number?
True
Is 315827327 a composite number?
True
Is 51508001 prime?
True
Is 17676949 prime?
False
Is 1912591 a prime number?
False
Is 23111327 a composite number?
True
Is 65882095 prime?
False
Is 2349143 prime?
True
Is 8055227 prime?
True
Is 2250329 prime?
False
Is 2178677 a composite number?
False
Is 11519737 a composite number?
False
Is 1171223 composite?
True
Is 27715147 a composite number?
True
Is 2650853 prime?
True
Is 28161599 a prime number?
True
Is 11346637 a composite number?
False
Is 238418601 a composite number?
True
Is 22287961 composite?
False
Is 105120221 prime?
True
Is 511005139 prime?
True
Is 2998483 a prime number?
True
Is 4939346 composite?
True
Is 13160821 composite?
False
Is 56520799 a composite number?
False
Is 35477401 a composite number?
False
Is 1103239 prime?
False
Is 2996597 a prime number?
False
Is 62335289 a composite number?
False
Is 23800397 a composite number?
True
Is 9064411 a prime number?
True
Is 2731147 a prime number?
True
Is 1319839 prime?
True
Is 1452947 composite?
False
Is 7594441 composite?
False
Is 38326121 composite?
False
Is 33553993 prime?
False
Is 57865669 a composite number?
True
Is 7291411 a composite number?
False
Is 100140227 a composite number?
True
Is 558494753 composite?
False
Is 21041599 prime?
True
Is 10011457 composite?
False
Is 81829723 a composite number?
False
Is 6004049 a composite number?
True
Is 136739849 a prime number?
False
Is 15837226 prime?
False
Is 1361273 a composite number?
False
Is 22477613 a prime number?
True
Is 12284171 a prime number?
True
Is 750334891 a composite number?
True
Is 487247 a prime number?
True
Is 16908709 a prime number?
True
Is 31804502 composite?
True
Is 136766831 a composite number?
False
Is 16160447 prime?
True
Is 69797111 a prime number?
False
Is 32984767 composite?
False
Is 16457131 composite?
False
Is 2342893 composite?
True
Is 1109138 a prime number?
False
Is 265537 composite?
True
Is 62491183 prime?
False
Is 7369 a prime number?
True
Is 6210667 a prime number?
False
Is 30449 a prime number?
True
Is 24054854 a composite number?
True
Is 130927873 composite?
True
Is 209122 a composite number?
True
Is 21968587 composite?
True
Is 23049463 prime?
True
Is 176598403 composite?
True
Is 4136459 composite?
False
Is 65938601 a composite number?
False
Is 2288096579 prime?
True
Is 10727351 composite?
False
Is 62900833 a prime number?
False
Is 865587986 prime?
False
Is 282375257 composite?
True
Is 408607 a prime number?
True
Is 8170915 prime?
False
Is 58392691 prime?
False
Is 334128493 a prime number?
True
Is 23761307 a prime number?
True
Is 3246637 a composite number?
True
Is 2743823 a composite number?
False
Is 4604681 a composite number?
False
Is 158474371 prime?
False
Is 12466921 a composite number?
True
Is 10189913 a composite number?
False
Is 2867861 composite?
False
Is 47949791 a prime number?
True
Is 478073 a composite number?
True
Is 636653 a composite number?
False
Is 21336779 a composite number?
True
Is 37251587 prime?
False
Is 1502269 composite?
False
Is 5539 prime?
False
Is 3124949 prime?
False
Is 891107 a prime number?
False
Is 16599991 prime?
False
Is 27484579 composite?
False
Is 3357905 composite?
True
Is 1799173 a composite number?
False
Is 20667443 prime?
True
Is 8663873 a prime number?
False
Is 18957713 a composite number?
True
Is 20317942 prime?
False
Is 1547707 a composite number?
True
Is 479937439 prime?
True
Is 180803117 a composite number?
True
Is 33287933 prime?
False
Is 72428267 a prime number?
True
Is 27067631 a composite number?
True
Is 128894863 composite?
False
Is 48303487 prime?
False
Is 14172811 composite?
False
Is 114778 a prime number?
False
Is 372266261 a prime number?
True
Is 4109663 composite?
True
Is 206394749 a composite number?
True
Is 759263 a composite number?
False
Is 108511811 a prime number?
False
Is 60602221 prime?
True
Is 1965226 a prime number?
False
Is 73661183 prime?
True
Is 46850773 composite?
False
Is 19048637 a composite number?
False
Is 116756839 prime?
True
Is 267706 a prime number?
False
Is 3932279 composite?
True
Is 30539 a composite number?
False
Is 1163969 prime?
True
Is 29356681 prime?
True
Is 35162573 a prime number?
True
Is 149143469 prime?
False
Is 1369097 composite?
False
Is 2305711 a prime number?
True
Is 23485511 a prime number?
False
Is 27971687 a prime number?
True
Is 9232807 prime?
True
Is 14023201 prime?
True
Is 187486277 a prime number?
False
Is 472970513 a prime number?
True
Is 27918821 a composite number?
True
Is 1546637 prime?
Fal